{"id":323,"date":"2024-01-28T22:29:30","date_gmt":"2024-01-28T21:29:30","guid":{"rendered":"https:\/\/laval-kine-sport.fr\/index.php\/expertise\/"},"modified":"2025-07-29T11:52:30","modified_gmt":"2025-07-29T09:52:30","slug":"expertise","status":"publish","type":"page","link":"https:\/\/laval-kine-sport.fr\/index.php\/expertise\/","title":{"rendered":"Expertise"},"content":{"rendered":"\t\t<div data-elementor-type=\"wp-page\" data-elementor-id=\"323\" class=\"elementor elementor-323\" data-elementor-post-type=\"page\">\n\t\t\t\t<div class=\"elementor-element elementor-element-665012fd e-flex e-con-boxed e-con e-parent\" data-id=\"665012fd\" data-element_type=\"container\" data-e-type=\"container\">\n\t\t\t\t\t<div class=\"e-con-inner\">\n\t\t\t\t\t<\/div>\n\t\t\t\t<\/div>\n\t\t<div class=\"elementor-element elementor-element-45708b21 e-flex e-con-boxed e-con e-parent\" data-id=\"45708b21\" data-element_type=\"container\" data-e-type=\"container\">\n\t\t\t\t\t<div class=\"e-con-inner\">\n\t\t\t\t<div class=\"elementor-element elementor-element-15bf969 elementor-widget elementor-widget-heading\" data-id=\"15bf969\" data-element_type=\"widget\" data-e-type=\"widget\" data-widget_type=\"heading.default\">\n\t\t\t\t<div class=\"elementor-widget-container\">\n\t\t\t\t\t<h2 class=\"elementor-heading-title elementor-size-xxl\">Expertise<\/h2>\t\t\t\t<\/div>\n\t\t\t\t<\/div>\n\t\t\t\t<div class=\"elementor-element elementor-element-1779a2d9 elementor-widget-divider--view-line elementor-widget elementor-widget-divider\" data-id=\"1779a2d9\" data-element_type=\"widget\" data-e-type=\"widget\" data-widget_type=\"divider.default\">\n\t\t\t\t<div class=\"elementor-widget-container\">\n\t\t\t\t\t\t\t<div class=\"elementor-divider\">\n\t\t\t<span class=\"elementor-divider-separator\">\n\t\t\t\t\t\t<\/span>\n\t\t<\/div>\n\t\t\t\t\t\t<\/div>\n\t\t\t\t<\/div>\n\t\t\t\t\t<\/div>\n\t\t\t\t<\/div>\n\t\t<div class=\"elementor-element elementor-element-e27bb8d e-flex e-con-boxed e-con e-parent\" data-id=\"e27bb8d\" data-element_type=\"container\" data-e-type=\"container\">\n\t\t\t\t\t<div class=\"e-con-inner\">\n\t\t<div class=\"elementor-element elementor-element-1468415 e-con-full e-flex e-con e-child\" data-id=\"1468415\" data-element_type=\"container\" data-e-type=\"container\" data-settings=\"{&quot;background_background&quot;:&quot;classic&quot;}\">\n\t\t<div class=\"elementor-element elementor-element-1dcc13f e-con-full e-flex e-con e-child\" data-id=\"1dcc13f\" data-element_type=\"container\" data-e-type=\"container\">\n\t\t\t\t<div class=\"elementor-element elementor-element-4275de5d elementor-widget elementor-widget-menu-anchor\" data-id=\"4275de5d\" data-element_type=\"widget\" data-e-type=\"widget\" id=\"kinedusport\" data-widget_type=\"menu-anchor.default\">\n\t\t\t\t<div class=\"elementor-widget-container\">\n\t\t\t\t\t\t\t<div class=\"elementor-menu-anchor\" id=\"kinedusport\"><\/div>\n\t\t\t\t\t\t<\/div>\n\t\t\t\t<\/div>\n\t\t\t\t<div class=\"elementor-element elementor-element-30f0c411 elementor-widget elementor-widget-heading\" data-id=\"30f0c411\" data-element_type=\"widget\" data-e-type=\"widget\" data-widget_type=\"heading.default\">\n\t\t\t\t<div class=\"elementor-widget-container\">\n\t\t\t\t\t<h3 class=\"elementor-heading-title elementor-size-default\">Kin\u00e9sith\u00e9rapie du sport<\/h3>\t\t\t\t<\/div>\n\t\t\t\t<\/div>\n\t\t\t\t<\/div>\n\t\t<div class=\"elementor-element elementor-element-2ac9092 e-con-full e-flex e-con e-child\" data-id=\"2ac9092\" data-element_type=\"container\" data-e-type=\"container\">\n\t\t<div class=\"elementor-element elementor-element-4563459d e-con-full e-flex e-con e-child\" data-id=\"4563459d\" data-element_type=\"container\" data-e-type=\"container\">\n\t\t\t\t<div class=\"elementor-element elementor-element-3b5a5c73 elementor-widget elementor-widget-heading\" data-id=\"3b5a5c73\" data-element_type=\"widget\" data-e-type=\"widget\" data-widget_type=\"heading.default\">\n\t\t\t\t<div class=\"elementor-widget-container\">\n\t\t\t\t\t<h2 class=\"elementor-heading-title elementor-size-default\">Qu'est ce que c'est ?<\/h2>\t\t\t\t<\/div>\n\t\t\t\t<\/div>\n\t\t\t\t<div class=\"elementor-element elementor-element-5adf560 elementor-widget elementor-widget-text-editor\" data-id=\"5adf560\" data-element_type=\"widget\" data-e-type=\"widget\" data-widget_type=\"text-editor.default\">\n\t\t\t\t<div class=\"elementor-widget-container\">\n\t\t\t\t\t\t\t\t\t<p style=\"font-weight: 400;\">La kin\u00e9sith\u00e9rapie du sport est une branche de la masso-kin\u00e9sith\u00e9rapie ciblant la pr\u00e9vention, le traitement et la r\u00e9\u00e9ducation des blessures li\u00e9es \u00e0 la pratique sportive. Son objectif principal est d\u2019optimiser le capital fonctionnel tout en minimisant le risque de blessure. Un programme personnalis\u00e9 est attribu\u00e9 au patient et se concentrera sur la zone anatomique \u00e0 traiter, tout en consid\u00e9rant les exigences sp\u00e9cifiques de la discipline du patient. L\u2019enjeu sera double\u00a0: r\u00e9cup\u00e9rer ses capacit\u00e9s physiques rapidement, tout en offrant un cadre de retour au sport s\u00e9curis\u00e9.\u00a0<\/p><p style=\"font-weight: 400;\">N\u00e9anmoins, la kin\u00e9sith\u00e9rapie du sport ne limite pas son champ d\u2019action aux sportifs et trouve un r\u00e9el int\u00e9r\u00eat chez un large \u00e9ventail de personnes s\u00e9dentaires. \u00a0Les b\u00e9n\u00e9fices de cette philosophie de travail ne sont plus \u00e0 prouver\u00a0: r\u00e9duire la douleur, redonner l\u2019aptitude \u00e0 un patient de pouvoir se d\u00e9placer en d\u00e9veloppant son syst\u00e8me musculaire et\/ou articulaire, suppl\u00e9er l\u2019alt\u00e9ration des capacit\u00e9s fonctionnelles.<\/p><p style=\"font-weight: 400;\">Soucieuse de la qualit\u00e9 de vie du patient, la kin\u00e9sith\u00e9rapie du sport va au-del\u00e0 de la simple r\u00e9cup\u00e9ration post-blessure sportive en optimisant la sant\u00e9 physique, pr\u00e9venant les blessures et am\u00e9liorant la performance. Ses bienfaits sont consid\u00e9rables, tant pour la sant\u00e9 du sportif que pour le grand public.<\/p>\t\t\t\t\t\t\t\t<\/div>\n\t\t\t\t<\/div>\n\t\t\t\t<\/div>\n\t\t<div class=\"elementor-element elementor-element-68ea7f8 e-con-full e-flex e-con e-child\" data-id=\"68ea7f8\" data-element_type=\"container\" data-e-type=\"container\">\n\t\t\t\t<div class=\"elementor-element elementor-element-580b2fde elementor-widget elementor-widget-heading\" data-id=\"580b2fde\" data-element_type=\"widget\" data-e-type=\"widget\" data-widget_type=\"heading.default\">\n\t\t\t\t<div class=\"elementor-widget-container\">\n\t\t\t\t\t<h2 class=\"elementor-heading-title elementor-size-default\">Notre d\u00e9marche <\/h2>\t\t\t\t<\/div>\n\t\t\t\t<\/div>\n\t\t\t\t<div class=\"elementor-element elementor-element-36e02f1d elementor-widget elementor-widget-text-editor\" data-id=\"36e02f1d\" data-element_type=\"widget\" data-e-type=\"widget\" data-widget_type=\"text-editor.default\">\n\t\t\t\t<div class=\"elementor-widget-container\">\n\t\t\t\t\t\t\t\t\t<p>En kin\u00e9sith\u00e9rapie du sport, le raisonnement clinique est centr\u00e9 sur le patient, et guid\u00e9 par un bilan diagnostique kin\u00e9sith\u00e9rapique pr\u00e9cis et adapt\u00e9. Il implique une \u00e9valuation approfondie des besoins individuels, des ant\u00e9c\u00e9dents m\u00e9dicaux et des objectifs du patient.<\/p><p>Cette r\u00e9flexion permet d&rsquo;\u00e9laborer des plans de traitement personnalis\u00e9s, int\u00e9grant une planification sp\u00e9cifique pour r\u00e9soudre les probl\u00e9matiques identifi\u00e9es. En mettant l&rsquo;accent sur l&rsquo;individualisation des soins, la kin\u00e9sith\u00e9rapie renforce son r\u00f4le essentiel de promotion de la sant\u00e9 (syst\u00e8me musculo-squelettique, articulaire, musculaire, cardiovasculaire, respiratoire, etc.).<\/p>\t\t\t\t\t\t\t\t<\/div>\n\t\t\t\t<\/div>\n\t\t\t\t<\/div>\n\t\t\t\t<\/div>\n\t\t\t\t<\/div>\n\t\t\t\t\t<\/div>\n\t\t\t\t<\/div>\n\t\t<div class=\"elementor-element elementor-element-984d9bd e-flex e-con-boxed e-con e-parent\" data-id=\"984d9bd\" data-element_type=\"container\" data-e-type=\"container\">\n\t\t\t\t\t<div class=\"e-con-inner\">\n\t\t\t\t<div class=\"elementor-element elementor-element-f56740d elementor-widget elementor-widget-heading\" data-id=\"f56740d\" data-element_type=\"widget\" data-e-type=\"widget\" data-widget_type=\"heading.default\">\n\t\t\t\t<div class=\"elementor-widget-container\">\n\t\t\t\t\t<h2 class=\"elementor-heading-title elementor-size-default\">Notre d\u00e9marche <\/h2>\t\t\t\t<\/div>\n\t\t\t\t<\/div>\n\t\t<div class=\"elementor-element elementor-element-093ff99 e-con-full e-flex e-con e-child\" data-id=\"093ff99\" data-element_type=\"container\" data-e-type=\"container\" data-settings=\"{&quot;background_background&quot;:&quot;classic&quot;}\">\n\t\t<div class=\"elementor-element elementor-element-dc0edf4 e-con-full e-flex e-con e-child\" data-id=\"dc0edf4\" data-element_type=\"container\" data-e-type=\"container\">\n\t\t\t\t<div class=\"elementor-element elementor-element-395ff407 elementor-widget elementor-widget-menu-anchor\" data-id=\"395ff407\" data-element_type=\"widget\" data-e-type=\"widget\" data-widget_type=\"menu-anchor.default\">\n\t\t\t\t<div class=\"elementor-widget-container\">\n\t\t\t\t\t\t\t<div class=\"elementor-menu-anchor\" id=\"bilan\"><\/div>\n\t\t\t\t\t\t<\/div>\n\t\t\t\t<\/div>\n\t\t\t\t<div class=\"elementor-element elementor-element-5d079709 elementor-widget elementor-widget-heading\" data-id=\"5d079709\" data-element_type=\"widget\" data-e-type=\"widget\" data-widget_type=\"heading.default\">\n\t\t\t\t<div class=\"elementor-widget-container\">\n\t\t\t\t\t<h2 class=\"elementor-heading-title elementor-size-default\">Bilan diagnostique kin\u00e9sith\u00e9rapique et sportif<\/h2>\t\t\t\t<\/div>\n\t\t\t\t<\/div>\n\t\t\t\t<\/div>\n\t\t<div class=\"elementor-element elementor-element-686e038 e-con-full e-flex e-con e-child\" data-id=\"686e038\" data-element_type=\"container\" data-e-type=\"container\">\n\t\t<div class=\"elementor-element elementor-element-7164767 e-con-full e-flex e-con e-child\" data-id=\"7164767\" data-element_type=\"container\" data-e-type=\"container\">\n\t\t\t\t<div class=\"elementor-element elementor-element-bd2e630 elementor-widget elementor-widget-heading\" data-id=\"bd2e630\" data-element_type=\"widget\" data-e-type=\"widget\" data-widget_type=\"heading.default\">\n\t\t\t\t<div class=\"elementor-widget-container\">\n\t\t\t\t\t<h2 class=\"elementor-heading-title elementor-size-default\">Qu'est ce que c'est ?<\/h2>\t\t\t\t<\/div>\n\t\t\t\t<\/div>\n\t\t\t\t<div class=\"elementor-element elementor-element-3e061af0 elementor-widget elementor-widget-text-editor\" data-id=\"3e061af0\" data-element_type=\"widget\" data-e-type=\"widget\" data-widget_type=\"text-editor.default\">\n\t\t\t\t<div class=\"elementor-widget-container\">\n\t\t\t\t\t\t\t\t\t<p>Le bilan diagnostique kin\u00e9sith\u00e9rapique en kin\u00e9sith\u00e9rapie du sport est capital. Il conditionne l\u2019efficacit\u00e9 du plan de traitement en s\u2019appuyant sur la compr\u00e9hension des besoins du patient.<\/p><p>Lors de cette \u00e9tape, l&rsquo;utilisation d&rsquo;outils sp\u00e9cifiques permet d\u2019objectiver les d\u00e9ficits.\u00a0Nous en d\u00e9velopperons trois, mais cette liste est non-exhaustive.<\/p><p>Concernant le syst\u00e8me musculaire, l&rsquo;appareil isocin\u00e9tique permet d\u2019\u00e9valuer le niveau de force produit lors d\u2019un mouvement analytique, avec une pr\u00e9cision in\u00e9galable. A r\u00e9sistance constante, le param\u00e9trage de la vitesse permet de d\u2019ax\u00e9e l\u2019\u00e9valuation sur les qualit\u00e9s de force, ou d\u2019explosivit\u00e9. En compl\u00e9ment, la press connect\u00e9e est un excellent marqueur pour appr\u00e9cier le niveau de force globale produit, non pas par un muscle mais par un ensemble de groupes musculaires. Pour finir, le K-Force \u00e9value la force cr\u00e9\u00e9e contre une r\u00e9sistance immobile. C\u2019est un outil pertinent pour le suivi d\u2019une progression. \u00a0<\/p><p>En compl\u00e9ment, l&rsquo;int\u00e9gration de batteries de tests fonctionnels tels que le K-Start ou\u00a0l&rsquo;Ankle Go Test apporte une dimension pratique \u00e0 l&rsquo;\u00e9valuation. Ces tests \u00e9valuent la capacit\u00e9 du patient \u00e0 ex\u00e9cuter des mouvements sp\u00e9cifiques li\u00e9s \u00e0 son activit\u00e9 sportive, identifiant ainsi les d\u00e9ficiences fonctionnelles. Ces marqueurs peuvent \u00eatre utiles en \u00e9valuation initiale, en suivi de progression et en \u00e9valuation finale.<\/p><p>Pour finir, diff\u00e9rents scores et \u00e9chelles obtenus par le biais de questionnaires adapt\u00e9 \u00e0 la probl\u00e9matique du patient, aident \u00e0 objectiver les d\u00e9ficits du patient. On y \u00e9value le plan fonctionnel, le niveau d\u2019appr\u00e9hension\/peur per\u00e7u, ou encore l\u2019impact d\u2019une situation sur la qualit\u00e9 de vie du patient.<\/p><p>Cette approche combin\u00e9e estime pr\u00e9cis\u00e9ment le niveau de handicap musculo-squelettique du patient. Le kin\u00e9sith\u00e9rapeute du sport s\u2019appuie sur cette base solide pour individualiser le traitement. Cette m\u00e9thodologie diagnostique contribue \u00e0 proposer une r\u00e9\u00e9ducation personnalis\u00e9e, optimisant le retour \u00e0 la performance. L\u2019\u00e9ducation du patient lors de la prise en charge joue \u00e9galement un r\u00f4le phare sur l\u2019aspect pr\u00e9ventif.\u00a0<\/p>\t\t\t\t\t\t\t\t<\/div>\n\t\t\t\t<\/div>\n\t\t\t\t<\/div>\n\t\t<div class=\"elementor-element elementor-element-cdf91e0 e-con-full e-flex e-con e-child\" data-id=\"cdf91e0\" data-element_type=\"container\" data-e-type=\"container\">\n\t\t\t\t<div class=\"elementor-element elementor-element-0fe4f33 elementor-widget elementor-widget-heading\" data-id=\"0fe4f33\" data-element_type=\"widget\" data-e-type=\"widget\" data-widget_type=\"heading.default\">\n\t\t\t\t<div class=\"elementor-widget-container\">\n\t\t\t\t\t<h2 class=\"elementor-heading-title elementor-size-default\">Notre d\u00e9marche <\/h2>\t\t\t\t<\/div>\n\t\t\t\t<\/div>\n\t\t\t\t<div class=\"elementor-element elementor-element-726369b elementor-widget elementor-widget-text-editor\" data-id=\"726369b\" data-element_type=\"widget\" data-e-type=\"widget\" data-widget_type=\"text-editor.default\">\n\t\t\t\t<div class=\"elementor-widget-container\">\n\t\t\t\t\t\t\t\t\t<p style=\"font-weight: 400;\">La d\u00e9marche r\u00e9flexive du bilan diagnostique kin\u00e9sith\u00e9rapique repose sur une approche fond\u00e9e sur des preuves (EBP), garantissant la fiabilit\u00e9 et l&rsquo;applicabilit\u00e9 des donn\u00e9es recueillies.<\/p><p style=\"font-weight: 400;\">En privil\u00e9giant des m\u00e9thodes scientifiquement valid\u00e9es, cette approche vise \u00e0 fournir des informations exploitables pour le patient, favorisant une compr\u00e9hension transparente de sa condition.<\/p><p style=\"font-weight: 400;\">De plus, en utilisant des protocoles standardis\u00e9s, les \u00e9changes entre les diff\u00e9rents professionnels de la sant\u00e9 (m\u00e9decin du sport, kin\u00e9sith\u00e9rapeute, etc.) sont facilit\u00e9s. Cette collaboration renforc\u00e9e fluidifie le parcours de soin, conditionnant l&rsquo;efficacit\u00e9 des interventions et la qualit\u00e9 du soin.<\/p>\t\t\t\t\t\t\t\t<\/div>\n\t\t\t\t<\/div>\n\t\t\t\t<\/div>\n\t\t\t\t<\/div>\n\t\t\t\t<\/div>\n\t\t\t\t\t<\/div>\n\t\t\t\t<\/div>\n\t\t<div class=\"elementor-element elementor-element-7bb1cf6 e-flex e-con-boxed e-con e-parent\" data-id=\"7bb1cf6\" data-element_type=\"container\" data-e-type=\"container\">\n\t\t\t\t\t<div class=\"e-con-inner\">\n\t\t\t\t<div class=\"elementor-element elementor-element-01b1a13 elementor-widget elementor-widget-heading\" data-id=\"01b1a13\" data-element_type=\"widget\" data-e-type=\"widget\" data-widget_type=\"heading.default\">\n\t\t\t\t<div class=\"elementor-widget-container\">\n\t\t\t\t\t<h2 class=\"elementor-heading-title elementor-size-default\">Notre d\u00e9marche <\/h2>\t\t\t\t<\/div>\n\t\t\t\t<\/div>\n\t\t<div class=\"elementor-element elementor-element-43bbbfa e-con-full e-flex e-con e-child\" data-id=\"43bbbfa\" data-element_type=\"container\" data-e-type=\"container\" data-settings=\"{&quot;background_background&quot;:&quot;classic&quot;}\">\n\t\t<div class=\"elementor-element elementor-element-8bab0c5 e-con-full e-flex e-con e-child\" data-id=\"8bab0c5\" data-element_type=\"container\" data-e-type=\"container\">\n\t\t\t\t<div class=\"elementor-element elementor-element-71f63829 elementor-widget elementor-widget-menu-anchor\" data-id=\"71f63829\" data-element_type=\"widget\" data-e-type=\"widget\" data-widget_type=\"menu-anchor.default\">\n\t\t\t\t<div class=\"elementor-widget-container\">\n\t\t\t\t\t\t\t<div class=\"elementor-menu-anchor\" id=\"recup\"><\/div>\n\t\t\t\t\t\t<\/div>\n\t\t\t\t<\/div>\n\t\t\t\t<div class=\"elementor-element elementor-element-7bb753d7 elementor-widget elementor-widget-heading\" data-id=\"7bb753d7\" data-element_type=\"widget\" data-e-type=\"widget\" data-widget_type=\"heading.default\">\n\t\t\t\t<div class=\"elementor-widget-container\">\n\t\t\t\t\t<h2 class=\"elementor-heading-title elementor-size-default\">La r\u00e9cup\u00e9ration<\/h2>\t\t\t\t<\/div>\n\t\t\t\t<\/div>\n\t\t\t\t<\/div>\n\t\t<div class=\"elementor-element elementor-element-fb35a34 e-con-full e-flex e-con e-child\" data-id=\"fb35a34\" data-element_type=\"container\" data-e-type=\"container\">\n\t\t<div class=\"elementor-element elementor-element-439f7e9 e-con-full e-flex e-con e-child\" data-id=\"439f7e9\" data-element_type=\"container\" data-e-type=\"container\">\n\t\t\t\t<div class=\"elementor-element elementor-element-6093706 elementor-widget elementor-widget-heading\" data-id=\"6093706\" data-element_type=\"widget\" data-e-type=\"widget\" data-widget_type=\"heading.default\">\n\t\t\t\t<div class=\"elementor-widget-container\">\n\t\t\t\t\t<h2 class=\"elementor-heading-title elementor-size-default\">Qu'est ce que c'est ?<\/h2>\t\t\t\t<\/div>\n\t\t\t\t<\/div>\n\t\t\t\t<div class=\"elementor-element elementor-element-78946cb4 elementor-widget elementor-widget-text-editor\" data-id=\"78946cb4\" data-element_type=\"widget\" data-e-type=\"widget\" data-widget_type=\"text-editor.default\">\n\t\t\t\t<div class=\"elementor-widget-container\">\n\t\t\t\t\t\t\t\t\t<p style=\"font-weight: 400;\">La r\u00e9cup\u00e9ration joue un r\u00f4le essentiel pour optimiser la performance sportive tout en pr\u00e9venant le risque de blessure. L\u2019objectif est de rapidement r\u00e9tablir l\u2019\u00e9quilibre physiologique et psychologique apr\u00e8s un effort physique. Elle englobe la r\u00e9duction de la fatigue musculaire, la restauration des r\u00e9serves \u00e9nerg\u00e9tiques et la diminution de la charge mentale g\u00e9n\u00e9r\u00e9e par un entrainement intense.<\/p><p style=\"font-weight: 400;\">L&rsquo;immersion en eau froide \u00e9merge comme un outil pertinent pour la r\u00e9cup\u00e9ration, en r\u00e9duisant l&rsquo;inflammation et en acc\u00e9l\u00e9rant la r\u00e9cup\u00e9ration musculaire. Cette m\u00e9thode contribue \u00e0 minimiser les dommages musculaires et \u00e0 att\u00e9nuer les sensations de douleur.<\/p><p style=\"font-weight: 400;\">Agir pour mieux r\u00e9cup\u00e9rer c\u2019est favoriser une meilleure pr\u00e9paration pour les s\u00e9ances d&rsquo;entra\u00eenement \u00e0 venir et maximiser les b\u00e9n\u00e9fices de leur programme sportif. Le sommeil, l\u2019immersion en eau froide, l\u2019activit\u00e9 physique \u00e0 faible intensit\u00e9 ou encore m\u2019hydratation sont autant de levier pour retrouver l\u2019hom\u00e9ostasie.<\/p>\t\t\t\t\t\t\t\t<\/div>\n\t\t\t\t<\/div>\n\t\t\t\t<\/div>\n\t\t<div class=\"elementor-element elementor-element-b18e6db e-con-full e-flex e-con e-child\" data-id=\"b18e6db\" data-element_type=\"container\" data-e-type=\"container\">\n\t\t\t\t<div class=\"elementor-element elementor-element-e12d946 elementor-widget elementor-widget-heading\" data-id=\"e12d946\" data-element_type=\"widget\" data-e-type=\"widget\" data-widget_type=\"heading.default\">\n\t\t\t\t<div class=\"elementor-widget-container\">\n\t\t\t\t\t<h2 class=\"elementor-heading-title elementor-size-default\">Notre d\u00e9marche <\/h2>\t\t\t\t<\/div>\n\t\t\t\t<\/div>\n\t\t\t\t<div class=\"elementor-element elementor-element-2f0b4e6b elementor-widget elementor-widget-text-editor\" data-id=\"2f0b4e6b\" data-element_type=\"widget\" data-e-type=\"widget\" data-widget_type=\"text-editor.default\">\n\t\t\t\t<div class=\"elementor-widget-container\">\n\t\t\t\t\t\t\t\t\t<p style=\"font-weight: 400;\">Le suivi sportif que nous proposons s&rsquo;articule autour d&rsquo;une \u00e9valuation minutieuse des qualit\u00e9s physiques individuelles. Chaque programme est individualis\u00e9 en s\u2019appuyant sur les besoins propres \u00e0 chaque athl\u00e8te. Nous nous engageons \u00e0 l&rsquo;adaptabilit\u00e9, ajustant continuellement les s\u00e9ances en fonction des progr\u00e8s et des d\u00e9fis rencontr\u00e9s.<\/p><p style=\"font-weight: 400;\">Cette approche professionnelle et humaine assure non seulement l&rsquo;optimisation des performances, mais \u00e9galement la pr\u00e9vention des blessures. Au travers de nos \u00e9changes et notre suivi, chaque s\u00e9ance est une opportunit\u00e9 d&rsquo;\u00e9volution personnalis\u00e9e, pla\u00e7ant votre r\u00e9ussite sportive \u00e0 port\u00e9e de main.<\/p>\t\t\t\t\t\t\t\t<\/div>\n\t\t\t\t<\/div>\n\t\t\t\t<\/div>\n\t\t\t\t<\/div>\n\t\t\t\t<\/div>\n\t\t\t\t\t<\/div>\n\t\t\t\t<\/div>\n\t\t\t\t<\/div>\n\t\t","protected":false},"excerpt":{"rendered":"<p>Expertise Kin\u00e9sith\u00e9rapie du sport Qu&rsquo;est ce que c&rsquo;est ? La kin\u00e9sith\u00e9rapie du sport est une branche de la masso-kin\u00e9sith\u00e9rapie ciblant la pr\u00e9vention, le traitement et la r\u00e9\u00e9ducation des blessures li\u00e9es \u00e0 la pratique sportive. Son objectif principal est d\u2019optimiser le capital fonctionnel tout en minimisant le risque de blessure. Un programme personnalis\u00e9 est attribu\u00e9 au [&hellip;]<\/p>\n","protected":false},"author":1,"featured_media":0,"parent":0,"menu_order":0,"comment_status":"closed","ping_status":"closed","template":"","meta":{"footnotes":""},"class_list":["post-323","page","type-page","status-publish","hentry"],"_links":{"self":[{"href":"https:\/\/laval-kine-sport.fr\/index.php\/wp-json\/wp\/v2\/pages\/323","targetHints":{"allow":["GET"]}}],"collection":[{"href":"https:\/\/laval-kine-sport.fr\/index.php\/wp-json\/wp\/v2\/pages"}],"about":[{"href":"https:\/\/laval-kine-sport.fr\/index.php\/wp-json\/wp\/v2\/types\/page"}],"author":[{"embeddable":true,"href":"https:\/\/laval-kine-sport.fr\/index.php\/wp-json\/wp\/v2\/users\/1"}],"replies":[{"embeddable":true,"href":"https:\/\/laval-kine-sport.fr\/index.php\/wp-json\/wp\/v2\/comments?post=323"}],"version-history":[{"count":67,"href":"https:\/\/laval-kine-sport.fr\/index.php\/wp-json\/wp\/v2\/pages\/323\/revisions"}],"predecessor-version":[{"id":1034,"href":"https:\/\/laval-kine-sport.fr\/index.php\/wp-json\/wp\/v2\/pages\/323\/revisions\/1034"}],"wp:attachment":[{"href":"https:\/\/laval-kine-sport.fr\/index.php\/wp-json\/wp\/v2\/media?parent=323"}],"curies":[{"name":"wp","href":"https:\/\/api.w.org\/{rel}","templated":true}]}}